 by 396610?
1173
Calculate the remainder when 21221684 is divided by 70.
64
What is the remainder when 16723896 is divided by 164?
160
What is the remainder when 10038138 is divided by 2077?
2074
Calculate the remainder when 323310288 is divided by 55.
48
Calculate the remainder when 57722 is divided by 14010.
1682
What is the remainder when 329919 is divided by 341?
172
What is the remainder when 3893105 is divided by 6989?
232
Calculate the remainder when 331831 is divided by 2477.
2390
What is the remainder when 7163165 is divided by 12?
5
Calculate the remainder when 9774407 is divided by 2107.
34
Calculate the remainder when 5381056 is divided by 1130.
1126
Calculate the remainder when 10316663 is divided by 10316652.
11
Calculate the remainder when 2031977 is divided by 677253.
218
What is the remainder when 1375639 is divided by 411?
22
What is the remainder when 52200076 is divided by 1390?
16
Calculate the remainder when 11282538 is divided by 49.
43
Calculate the remainder when 67141 is divided by 6733.
6544
Calculate the remainder when 1199926 is divided by 1288.
798
What is the remainder when 48347385 is divided by 10?
5
What is the remainder when 107022344 is divided by 74?
66
Calculate the remainder when 361293 is divided by 209.
141
What is the remainder when 1926262 is divided by 962996?
270
What is the remainder when 96733 is divided by 930?
13
What is the remainder when 1637005 is divided by 16?
13
Calculate the remainder when 40151097 is divided by 575.
572
Calculate the remainder when 872139 is divided by 1292.
39
What is the remainder when 50514 is divided by 573?
90
What is the remainder when 19848548 is divided by 3290?
3268
Calculate the remainder when 666467 is divided by 10247.
412
Calculate the remainder when 888075 is divided by 272.
267
What is the remainder when 175306 is divided by 6025?
581
What is the remainder when 2520411 is divided by 68?
59
Calculate the remainder when 23682123 is divided by 233.
3
Calculate the remainder when 23801 is divided by 187.
52
Calculate the remainder when 287627 is divided by 321.
11
What is the remainder when 29412 is divided by 286?
240
What is the remainder when 559343 is divided by 693?
92
Calculate the remainder when 3329088 is divided by 13.
9
What is the remainder when 971274 is divided by 193701?
2769
Calculate the remainder when 843962 is divided by 8052.
6554
What is the remainder when 129036 is divided by 63579?
1878
What is the remainder when 377984 is divided by 5640?
104
Calculate the remainder when 3446274 is divided by 176.
18
Calculate the remainder when 1339416 is divided by 267878.
26
What is the remainder when 120208075 is divided by 14043?
14038
Calculate the remainder when 6484821 is divided by 2719.
6
Calculate the remainder when 12448336 is divided by 402.
4
Calculate the remainder when 170609 is divided by 42652.
1
What is the remainder when 57500464 is divided by 27?
22
Calculate the remainder when 279844 is divided by 5369.
656
What is the remainder when 1110145 is divided by 6126?
1339
What is the remainder when 36471757 is divided by 3309?
3268
What is the remainder when 44249 is divided by 885?
884
Calculate the remainder when 751899 is divided by 630.
309
What is the remainder when 650100 is divided by 92834?
262
Calculate the remainder when 374547 is divided by 1560.
147
Calculate the remainder when 230062 is divided by 322.
154
Calculate the remainder when 489119 is divided by 20377.
71
What is the remainder when 121638 is divided by 152?
38
What is the remainder when 102455 is divided by 7825?
730
Calculate the remainder when 9777787 is divided by 79494.
25
What is the remainder when 22311962 is divided by 299?
283
Calculate the remainder when 806659 is divided by 3492.
7
Calculate the remainder when 112038 is divided by 1131.
69
What is the remainder when 10054868 is divided by 14?
12
Calculate the remainder when 2422093 is divided by 5.
3
What is the remainder when 66928 is divided by 33463?
2
Calculate the remainder when 1883868 is divided by 1155.
63
What is the remainder when 3152760 is divided by 286541?
809
What is the remainder when 6503441 is divided by 777?
728
What is the remainder when 49274 is divided by 643?
406
What is the remainder when 670097 is divided by 114?
5
What is the remainder when 6364738 is divided by 30?
28
Calculate the remainder when 11900042 is divided by 417.
113
Calculate the remainder when 571938821 is divided by 117.
116
Calculate the remainder when 436611 is divided by 6926.
273
Calculate the remainder when 3027848 is divided by 302755.
298
Calculate the remainder when 116438 is divided by 14546.
70
What is the remainder when 1184903 is divided by 1317?
920
What is the remainder when 858144 is divided by 428634?
876
Calculate the remainder when 1223623 is divided by 68.
31
What is the remainder when 121819715 is divided by 1154?
13
Calculate the remainder when 86968994 is divided by 12424140.
14
What is the remainder when 3128114 is divided by 79?
30
Calculate the remainder when 89969585 is divided by 172.
169
Calculate the remainder when 170549182 is divided by 108.
10
Calculate the remainder when 6174 is divided by 1206.
144
What is the remainder when 6918837 is divided by 60?
57
What is the remainder when 2398413 is divided by 2282?
31
Calculate the remainder when 38336826 is divided by 36.
30
What is the remainder when 123408941 is divided by 49?
40
Calculate the remainder when 43258022 is divided by 110918.
2
What is the remainder when 47440248 is divided by 4538?
4534
Calculate the remainder when 118615390 is divided by 2856.
2854
Calculate the remainder when 959571 is divided by 95953.
41
What is the remainder when 18359312 is divided by 32209?
182
Calculate the remainder when 5232425 is divided by 3677.
54
What is the remainder when 565734 is divided by 25696?
422
Calculate the remainder when 10004622 is divided by 588507.
3
What is the remainder when 1131283 is divided by 1235?
23
Calculate the remainder when 8862048 is divided by 45913.
839
What is the remainder when 15695543 is divided by 32?
23
What is the remainder when 29622 is divided by 1056?
54
Calculate the remainder when 98664 is divided by 98201.
463
Calculate the remainder when 10304165 is divided by 47.
26
What is the remainder when 36490338 is divided by 10780?
38
Calculate the remainder when 106088207 is divided by 8764.
8751
Calculate the remainder when 573351 is divided by 190927.
570
What is the remainder when 23884229 is divided by 10335?
44
What is the remainder when 2347307 is divided by 15?
2
Calculate the remainder when 19063741 is divided by 1758.
1747
Calculate the remainder when 51170 is divided by 8443.
512
What is the remainder when 33164373 is divided by 294?
291
What is the remainder when 202871119 is divided by 17?
4
Calculate the remainder when 228758 is divided by 25406.
104
Calculate the remainder when 1778774 is divided by 592879.
137
Calculate the remainder when 15412 is divided by 571.
566
Calculate the remainder when 32227727 is divided by 966.
35
What is the remainder when 58414 is divided by 435?
124
What is the remainder when 141462887 is divided by 284062?
11
Calculate the remainder when 50692741 is divided by 10138548.
1
Calculate the remainder when 172904 is divided by 138.
128
Calculate the remainder when 17547 is divided by 5662.
561
Calculate the remainder when 36082 is divided by 2267.
2077
What is the remainder when 228659 is divided by 2894?
33
What is the remainder when 16859743 is divided by 1623?
19
What is the remainder when 58158 is divided by 8300?
58
What is the remainder when 25339289 is divided by 383?
9
Calculate the remainder when 1083858 is divided by 67741.
2
What is the remainder when 21738725 is divided by 1587?
1586
Calculate the remainder when 104523 is divided by 48378.
7767
What is the remainder when 109502 is divided by 690?
482
Calculate the remainder when 17111252 is divided by 342225.
2
Calculate the remainder when 1267581 is divided by 814.
183
Calculate the remainder when 5231078 is divided by 2123.
6
What is the remainder when 20414 is divided by 1346?
224
What is the remainder when 164777016 is divided by 7577?
7574
What is the remainder when 31925 is divided by 15655?
61